7 - -58138. What are the prime factors of g?
7, 479
Let t = 21433 + 11189. What are the prime factors of t?
2, 3, 5437
Let w = -793 - -796. Suppose 4*p - 1541 = -3*y, 1162 = w*p - y + 2*y. What are the prime factors of p?
389
Let a(l) = -988*l - 3335. List the prime factors of a(-14).
3, 3499
Let k(h) = 65*h - 53. Let w(b) = 66*b - 57. Let p(u) = -3*k(u) + 4*w(u). What are the prime factors of p(15)?
2, 3, 7, 23
Let x(v) = 390*v**2 + 23*v - 331. List the prime factors of x(9).
2, 15733
Suppose -489992 = 95*j - 141*j. List the prime factors of j.
2, 2663
Let f(s) = 6*s - 23. Let q be f(7). Let z = -14 + q. Suppose 171 = z*x + 4*x. List the prime factors of x.
19
Let c = 32999 + -22367. List the prime factors of c.
2, 3, 443
Let m = -8 - -8. Suppose 3*k - 7*k - 3*s + 2 = m, 5*s + 10 = 0. Suppose -1 = k*i - 9. What are the prime factors of i?
2
Let b be 3*4/(-18)*-33. Suppose b = -y - 18. Let a = y + 93. What are the prime factors of a?
53
Let q be (-34)/85*(-8 + -2). Let h(b) = 8*b**3 - 7*b**2 + 8*b + 3. List the prime factors of h(q).
3, 5, 29
Suppose -i - 250342 = -3*n - 20348, 3*n - 5*i = 230014. List the prime factors of n.
31, 2473
Suppose -2*v = 3*s + 312, 3*s = -0*s + 12. List the prime factors of (2/6 - 1) + (-79488)/v.
2, 5, 7
Let n = -45366 - -64318. What are the prime factors of n?
2, 23, 103
What are the prime factors of (-40)/48 - (-1)/(-6)*-221243?
3, 17, 241
Let z be (1 + 9)/((-16)/(-736)). Let h = z + -88. List the prime factors of h.
2, 3, 31
List the prime factors of 500414/6 - 793/2379.
2, 11, 17, 223
Let c(z) = 2*z - 7 + 8 - 10. Let q be c(6). Suppose 0*k = q*k - t - 71, 0 = -3*k + 2*t + 70. List the prime factors of k.
2, 3
Let b = 97459 + -68490. List the prime factors of b.
59, 491
Suppose 3*q = -y + 7*q + 51405, 154247 = 3*y - 4*q. List the prime factors of y.
51421
Let j(y) be the second derivative of -y**4/6 - y**3/3 + y**2/2 - 6*y. Let a be j(2). Let n(i) = -18*i - 38. What are the prime factors of n(a)?
2, 5
Suppose 0 = -4*v + 9*v + 3*o - 6, -3*o - 9 = 0. Suppose -3*x + l = 8 - 26, -v*x + 3 = 4*l. Let g(a) = 2*a**2 + 9*a - 7. What are the prime factors of g(x)?
2, 11
Let g(o) be the first derivative of o**2/2 + 12*o - 2. Let h be g(-7). Suppose -54 = -8*f + h*f. What are the prime factors of f?
2, 3
Let n = -65122 - -99501. List the prime factors of n.
31, 1109
Let q = -15929 + 22674. List the prime factors of q.
5, 19, 71
Let u = 124 + -14. Let q = u + -30. List the prime factors of q.
2, 5
Let h(a) = 150*a**2 - 8. Suppose -24*p + 3*p = 42. List the prime factors of h(p).
2, 37
Suppose 16*a - 125876 - 34700 = 0. List the prime factors of a.
2, 13, 193
Let k be -4 + (-9)/(-3) - -4. Suppose -3*q + 13 = 2*u, k*u = -q - 0*u + 2. Suppose -3*v - 3*p + 408 = 0, 4*v - 5*p + 148 = q*v. What are the prime factors of v?
7, 19
Let v = -13 + 14. Let d be -9*v/(-6)*2. Suppose -4*z + 681 = -d*p, 0 = -7*p + 4*p - 9. List the prime factors of z.
2, 3, 7
Suppose -2*l - 4 = 2*u, 3*u = -5*l - 4 - 0. Let j(f) = 49*f**2 - 11*f - 7. What are the prime factors of j(u)?
467
Let f be 81*1*(-22)/(-22). List the prime factors of (-1 + f/(-12))/((-1)/152).
2, 19, 31
List the prime factors of (((-23725)/(-10))/5)/((65/(-170))/(-13)).
13, 17, 73
Let o be ((-96)/(-36))/(3/171). Let m = o - -576. List the prime factors of m.
2, 7, 13
Let j = -12059 + 24411. List the prime factors of j.
2, 193
Suppose g - 264 = -5*q, 4*q = 5*g - 0*g - 1349. Let h be g/4 - (-9)/12. Let u = h - -120. List the prime factors of u.
2, 47
Let s(d) be the second derivative of d**5/20 - 19*d**4/12 + 10*d**3/3 - 21*d**2 - 41*d. Let y be s(18). Let q = 14 - y. What are the prime factors of q?
2, 5
Let t = -69 - -378. Let x be (5 - (-2 - -151)) + -2. Let f = x + t. What are the prime factors of f?
163
What are the prime factors of ((-5)/1*92/(-460))/(2/8170)?
5, 19, 43
What are the prime factors of 6009 - -6*(28/21 - 0)?
11, 547
What are the prime factors of 360/15*(28731*2/24 + -2)?
2, 3, 7, 1367
Let c(y) = 6146*y - 5377. What are the prime factors of c(13)?
74521
Suppose 53*f + 9108 = 64*f. Suppose 2*j + 3*m = 4*m + 1638, j + 4*m - f = 0. List the prime factors of j.
2, 5, 41
Let j be ((-8996)/(-78))/((-4)/(-18)). Let d = 809 - j. What are the prime factors of d?
2, 5, 29
What are the prime factors of (-443 + 444)/(13194/(-46228) - 4/(-14))?
2, 13, 127
Let x be (-6 - 8529/3) + (-1)/(-1). Let u be 1 - 7/5 - x/20. Suppose t = 5*g + 56, t = -t - 5*g + u. List the prime factors of t.
2, 3, 11
Let l = -40014 - -114167. List the prime factors of l.
29, 2557
Let q = 84 - 84. Suppose q = f + 4*f + 4*x - 905, 3*x = -5*f + 910. Let t = 370 - f. What are the prime factors of t?
5, 37
Suppose -2*c = -3*c + 46. Let p = c + -46. List the prime factors of 39*(6 - 7)*(p - 3).
3, 13
Suppose -249 = 5*t - 924. What are the prime factors of t?
3, 5
Suppose -2*x - c + 5012 = -0*c, -2*x + 5*c = -4988. What are the prime factors of x?
2, 313
Let u(i) = i - 1. Let f(x) = 91*x + 316. Let h(w) = -18*w - 63. Let n(v) = 2*f(v) + 11*h(v). Let a(q) = n(q) + u(q). List the prime factors of a(-12).
2, 59
List the prime factors of (23/5)/((-197)/(-97515)).
3, 11, 23
Let w(g) = 12*g**2 - 102*g + 31. List the prime factors of w(16).
1471
Let p(y) = -8*y**2 + 5 + 1 - 45*y + 5 - 12 + y**3. List the prime factors of p(13).
7, 37
List the prime factors of 259368/12 - 12 - -14.
2, 7, 193
Suppose 20*c = 85 + 15. Suppose 721 = 2*b + c*b. What are the prime factors of b?
103
Let f(b) = -14*b + 113. Suppose -3*c + 2*c = 14. List the prime factors of f(c).
3, 103
Suppose 0 = -5*i - 172*d + 169*d + 12259, -7361 = -3*i - d. What are the prime factors of i?
2, 307
Let q(i) = 56*i - 18 + 0*i**2 - 38*i + 4 - i**2. Let d be q(17). Suppose d*j + 0*j = 4*y + 213, -280 = -4*j + 4*y. List the prime factors of j.
67
Let q = 49399 + -33128. List the prime factors of q.
53, 307
What are the prime factors of (-83225)/(-15)*(-2 - 1)*(-29 - -28)?
5, 3329
Suppose 2*n - 5*p - 42942 = 0, -4*p + 23 = -1. List the prime factors of n.
2, 3, 3581
Suppose -2*h = 16 - 22. Suppose h - 33 = -5*c. What are the prime factors of c/12 + (-510)/(-4) - -2?
2, 5, 13
Suppose -2229 = 2*o + 45. Let p be o/(-6) + (0 - (-4)/8). Suppose -p = 5*m - 7*m. What are the prime factors of m?
5, 19
Let p = -18144 + 26591. List the prime factors of p.
8447
Let u(x) = -x**2 - 10*x - 20. Let t be u(-4). Suppose n = 5*j + t*n - 86, -j - n = -18. Suppose j*l = -759 + 4647. List the prime factors of l.
3
Suppose -6092*d + 6124*d = 870240. What are the prime factors of d?
3, 5, 7, 37
Let t = -737 - -727. Let y(p) = 1. Let i(d) = -4*d + 5. Let r(q) = i(q) + 4*y(q). List the prime factors of r(t).
7
Let w = 569 - -1292. Suppose -w = -5*o - 3*m, -15*m + 10*m = 5*o - 1855. List the prime factors of o.
2, 11, 17
Suppose -z + 3*z + 1 = x, -3*z + 4*x - 4 = 0. Suppose z = -14*g + 575 + 755. What are the prime factors of g?
5, 19
Let b = 389 + 1312. What are the prime factors of b?
3, 7
List the prime factors of (-102067)/(-21) + (-16)/(-6).
3, 1621
Let k(l) = 181*l + 57. Suppose -6 = -10*y + 14. List the prime factors of k(y).
419
Suppose -7 = -3*n + 11. Let l(v) be the second derivative of 13*v**3/6 + v**2 + 413*v. List the prime factors of l(n).
2, 5
Suppose -65484 = -4*i + 4*r, -8*i - 33*r = -36*r - 130968. List the prime factors of i.
3, 17, 107
Suppose -4*u - 3*d + 2264 + 649 = 0, -2*u - 2*d = -1456. List the prime factors of u.
3
Let c(j) = 4*j**2 - 42*j - 43. List the prime factors of c(-32).
3, 7, 257
Let n(z) = -z**3 + 19*z**2 - 35*z + 6. Let c be n(17). Let x(i) = 3*i + 36. Let s be x(c). Suppose -s*h + 36 + 114 = 0. List the prime factors of h.
2, 5
Let h be 1200/26 - 16/104. Let y = h + -56. List the prime factors of -21*y*8/12.
2, 5, 7
Let w = -114 - -120. List the prime factors of (3/w + 243/6)*7.
7, 41
Suppose 474*a - 20743674 = 109*a - 4045289. What are the prime factors of a?
11, 4159
Let i be 16/20 - (-32)/10. Suppose 8 - i = o. Suppose o*z = l - 80 - 68, 5*l - 723 = 3*z. What are the prime factors of l?
2, 3
Suppose -3*d + 17050 = 2*d. Suppose -d = -3*n - 8*n. Suppose -98 + n = 2*w. List the prime factors of w.
2, 53
Suppose -393725 = -150*v - 141125. List the prime factors of v.
2, 421
Let o(f) = 2*f**2 - 60*f - 30. Let q be o(27). What are the prime factor